{"id":48,"date":"2018-04-14T13:17:25","date_gmt":"2018-04-14T13:17:25","guid":{"rendered":"http:\/\/wpmupro.com\/demo\/virtua\/?page_id=48"},"modified":"2019-05-03T11:57:32","modified_gmt":"2019-05-03T09:57:32","slug":"certificado-energetico","status":"publish","type":"page","link":"https:\/\/www.itemur.com\/index.php\/certificado-energetico\/","title":{"rendered":"Certificado Energ\u00e9tico"},"content":{"rendered":"<div id=\"pl-48\"  class=\"panel-layout\" ><div id=\"pg-48-0\"  class=\"panel-grid panel-has-style no-overlap\" ><div class=\"panel-row-style panel-row-style-for-48-0\" ><div id=\"pgc-48-0-0\"  class=\"panel-grid-cell\" ><div id=\"panel-48-0-0-0\" class=\"so-panel widget widget_virtua-heading panel-first-child panel-last-child\" data-index=\"0\" ><div class=\"so-widget-virtua-heading so-widget-virtua-heading-base\"><h2 class=\"secondary-color h2-style1\">\r\n\r\n\tCertificado de Eficiencia Energ\u00e9tica\r\n<\/h2><\/div><\/div><\/div><\/div><\/div><div id=\"pg-48-1\"  class=\"panel-grid panel-no-style no-overlap\" ><div id=\"pgc-48-1-0\"  class=\"panel-grid-cell\" ><div id=\"panel-48-1-0-0\" class=\"so-panel widget widget_virtua-heading panel-first-child\" data-index=\"1\" ><div class=\"panel-widget-style panel-widget-style-for-48-1-0-0\" ><div class=\"so-widget-virtua-heading so-widget-virtua-heading-base\"><h6 class=\"primary-color h2-style3\">\r\n\r\n\t\u00bfQu\u00e9 es el certificado energ\u00e9tico?\r\n<\/h6><\/div><\/div><\/div><div id=\"panel-48-1-0-1\" class=\"so-panel widget widget_sow-editor panel-last-child\" data-index=\"2\" ><div class=\"so-widget-sow-editor so-widget-sow-editor-base\">\r\n\r\n\r\n<div class=\"siteorigin-widget-tinymce textwidget\">\r\n\r\n<p>El Certificado de Eficiencia Energ\u00e9tica es un documento que nos indica la eficiencia energ\u00e9tica de una vivienda, edificio, local comercial, etc. Este certificado califica el comportamiento energ\u00e9tico de un inmueble en una escala de la A (mayor eficiencia energ\u00e9tica) a la G (resultado m\u00e1s desfavorable), mediante una etiqueta energ\u00e9tica.<\/p>\n\r\n<\/div>\r\n\r\n\r\n\r\n<\/div><\/div><\/div><\/div><div id=\"pg-48-2\"  class=\"panel-grid panel-no-style no-overlap\" ><div id=\"pgc-48-2-0\"  class=\"panel-grid-cell\" ><div id=\"panel-48-2-0-0\" class=\"so-panel widget widget_virtua-heading panel-first-child\" data-index=\"3\" ><div class=\"panel-widget-style panel-widget-style-for-48-2-0-0\" ><div class=\"so-widget-virtua-heading so-widget-virtua-heading-base\"><h6 class=\"primary-color h2-style3\">\r\n\r\n\t\u00bfPara qu\u00e9 sirve?\r\n<\/h6><\/div><\/div><\/div><div id=\"panel-48-2-0-1\" class=\"so-panel widget widget_sow-editor panel-last-child\" data-index=\"4\" ><div class=\"so-widget-sow-editor so-widget-sow-editor-base\">\r\n\r\n\r\n<div class=\"siteorigin-widget-tinymce textwidget\">\r\n\r\n<p>Adem\u00e1s de indicarnos el gasto energ\u00e9tico del inmueble nos se\u00f1ala una serie de\u00a0medidas de mejora\u00a0con las que podr\u00edamos mejorar la letra de nuestra calificaci\u00f3n y, por lo tanto, reducir el importe de las facturas de la luz y el gas.<\/p>\n\r\n<\/div>\r\n\r\n\r\n\r\n<\/div><\/div><\/div><\/div><div id=\"pg-48-3\"  class=\"panel-grid panel-no-style no-overlap\" ><div id=\"pgc-48-3-0\"  class=\"panel-grid-cell\" ><div id=\"panel-48-3-0-0\" class=\"so-panel widget widget_virtua-heading panel-first-child\" data-index=\"5\" ><div class=\"panel-widget-style panel-widget-style-for-48-3-0-0\" ><div class=\"so-widget-virtua-heading so-widget-virtua-heading-base\"><h6 class=\"primary-color h2-style3\">\r\n\r\n\t\u00bfEs obligatorio?\r\n<\/h6><\/div><\/div><\/div><div id=\"panel-48-3-0-1\" class=\"so-panel widget widget_sow-editor panel-last-child\" data-index=\"6\" ><div class=\"so-widget-sow-editor so-widget-sow-editor-base\">\r\n\r\n\r\n<div class=\"siteorigin-widget-tinymce textwidget\">\r\n\r\n<p>Desde el 1 de junio de 2013 es obligatorio poner un certificado de eficiencia energ\u00e9tica a disposici\u00f3n de los compradores o arrendadores de edificios o de parte de los mismos (siempre que se alquile durante m\u00e1s de cuatro meses al a\u00f1o).<\/p>\n<p>Asimismo, la etiqueta energ\u00e9tica deber\u00e1 acompa\u00f1ar a la publicidad de venta o alquiler como si fuera una caracter\u00edstica m\u00e1s del inmueble.<\/p>\n<p>En caso de venta, el vendedor deber\u00e1 entregar al comprador en la notar\u00eda un original del certificado. En caso de alquiler, deber\u00e1 adjuntar una fotocopia al contrato de arrendamiento.<\/p>\n\r\n<\/div>\r\n\r\n\r\n\r\n<\/div><\/div><\/div><\/div><div id=\"pg-48-4\"  class=\"panel-grid panel-no-style no-overlap\" ><div id=\"pgc-48-4-0\"  class=\"panel-grid-cell\" ><div id=\"panel-48-4-0-0\" class=\"so-panel widget widget_virtua-heading panel-first-child\" data-index=\"7\" ><div class=\"panel-widget-style panel-widget-style-for-48-4-0-0\" ><div class=\"so-widget-virtua-heading so-widget-virtua-heading-base\"><h6 class=\"primary-color h2-style3\">\r\n\r\n\t\u00bfQu\u00e9 ley lo regula?\r\n<\/h6><\/div><\/div><\/div><div id=\"panel-48-4-0-1\" class=\"so-panel widget widget_sow-editor panel-last-child\" data-index=\"8\" ><div class=\"so-widget-sow-editor so-widget-sow-editor-base\">\r\n\r\n\r\n<div class=\"siteorigin-widget-tinymce textwidget\">\r\n\r\n<p>El\u00a0Real Decreto 235\/2013, de 5 de abril, por el que se aprueba el procedimiento b\u00e1sico para la certificaci\u00f3n de la eficiencia energ\u00e9tica de los edificios. Publicado en el BOE el 13 de abril de 2013.<\/p>\n\r\n<\/div>\r\n\r\n\r\n\r\n<\/div><\/div><\/div><\/div><div id=\"pg-48-5\"  class=\"panel-grid panel-no-style no-overlap\" ><div id=\"pgc-48-5-0\"  class=\"panel-grid-cell\" ><div id=\"panel-48-5-0-0\" class=\"so-panel widget widget_virtua-heading panel-first-child\" data-index=\"9\" ><div class=\"panel-widget-style panel-widget-style-for-48-5-0-0\" ><div class=\"so-widget-virtua-heading so-widget-virtua-heading-base\"><h6 class=\"primary-color h2-style3\">\r\n\r\n\t\u00bfHay que registrarlo en la Comunidad Aut\u00f3noma?\r\n<\/h6><\/div><\/div><\/div><div id=\"panel-48-5-0-1\" class=\"so-panel widget widget_sow-editor panel-last-child\" data-index=\"10\" ><div class=\"so-widget-sow-editor so-widget-sow-editor-base\">\r\n\r\n\r\n<div class=\"siteorigin-widget-tinymce textwidget\">\r\n\r\n<p>S\u00ed. Para ello la Regi\u00f3n de Murcia cuenta desde el 29 de mayo de 2013 con un\u00a0registro para la inscripci\u00f3n de los certificados de eficiencia energ\u00e9tica, de car\u00e1cter p\u00fablico e informativo sobre la eficiencia energ\u00e9tica de los edificios. Para su inscripci\u00f3n en el registro es necesario abonar una\u00a0tasa\u00a0a la administraci\u00f3n.<\/p>\n\r\n<\/div>\r\n\r\n\r\n\r\n<\/div><\/div><\/div><\/div><div id=\"pg-48-6\"  class=\"panel-grid panel-no-style no-overlap\" ><div id=\"pgc-48-6-0\"  class=\"panel-grid-cell\" ><div id=\"panel-48-6-0-0\" class=\"so-panel widget widget_virtua-heading panel-first-child\" data-index=\"11\" ><div class=\"panel-widget-style panel-widget-style-for-48-6-0-0\" ><div class=\"so-widget-virtua-heading so-widget-virtua-heading-base\"><h6 class=\"primary-color h2-style3\">\r\n\r\n\t\u00bfQu\u00e9 validez tiene?\r\n<\/h6><\/div><\/div><\/div><div id=\"panel-48-6-0-1\" class=\"so-panel widget widget_sow-editor panel-last-child\" data-index=\"12\" ><div class=\"so-widget-sow-editor so-widget-sow-editor-base\">\r\n\r\n\r\n<div class=\"siteorigin-widget-tinymce textwidget\">\r\n\r\n<p>El certificado de eficiencia energ\u00e9tica tiene una validez de 10 a\u00f1os. Transcurridos estos 10 a\u00f1os el propietario tiene la responsabilidad de renovar el certificado.<\/p>\n\r\n<\/div>\r\n\r\n\r\n\r\n<\/div><\/div><\/div><\/div><div id=\"pg-48-7\"  class=\"panel-grid panel-no-style no-overlap\" ><div id=\"pgc-48-7-0\"  class=\"panel-grid-cell\" ><div id=\"panel-48-7-0-0\" class=\"so-panel widget widget_virtua-heading panel-first-child\" data-index=\"13\" ><div class=\"panel-widget-style panel-widget-style-for-48-7-0-0\" ><div class=\"so-widget-virtua-heading so-widget-virtua-heading-base\"><h6 class=\"primary-color h2-style3\">\r\n\r\n\t\u00bfCu\u00e1nto cuesta?\r\n<\/h6><\/div><\/div><\/div><div id=\"panel-48-7-0-1\" class=\"so-panel widget widget_sow-editor panel-last-child\" data-index=\"14\" ><div class=\"so-widget-sow-editor so-widget-sow-editor-base\">\r\n\r\n\r\n<div class=\"siteorigin-widget-tinymce textwidget\">\r\n\r\n<p>El coste del certificado energ\u00e9tico es variable dependiendo del tipo de inmueble a certificar (vivienda en un edificio, vivienda unifamiliar aislada o pareada, oficina, local comercial\u2026). Tambi\u00e9n se tienen en cuenta otros factores como la superficie del inmueble o si el propietario dispone o no de planos.<\/p>\n<p>P\u00f3ngase en\u00a0contacto\u00a0con nosotros y le enviaremos un presupuesto personalizado sin compromiso en menos de 24 horas.<\/p>\n\r\n<\/div>\r\n\r\n\r\n\r\n<\/div><\/div><\/div><\/div><div id=\"pg-48-8\"  class=\"panel-grid panel-no-style no-overlap\" ><div id=\"pgc-48-8-0\"  class=\"panel-grid-cell\" ><div id=\"panel-48-8-0-0\" class=\"so-panel widget widget_virtua-heading panel-first-child\" data-index=\"15\" ><div class=\"panel-widget-style panel-widget-style-for-48-8-0-0\" ><div class=\"so-widget-virtua-heading so-widget-virtua-heading-base\"><h6 class=\"primary-color h2-style3\">\r\n\r\n\t\u00bfC\u00f3mo se realiza la certificaci\u00f3n energ\u00e9tica?\r\n<\/h6><\/div><\/div><\/div><div id=\"panel-48-8-0-1\" class=\"so-panel widget widget_sow-editor panel-last-child\" data-index=\"16\" ><div class=\"so-widget-sow-editor so-widget-sow-editor-base\">\r\n\r\n\r\n<div class=\"siteorigin-widget-tinymce textwidget\">\r\n\r\n<p>En el momento en el que el propietario acepta nuestro presupuesto, fijamos la fecha de la visita para realizar la toma de datos. La duraci\u00f3n de la misma es aproximadamente de entre 30 y 90 minutos, dependiendo de la superficie del inmueble a certificar \u00a0y de las pruebas que haya que realizar seg\u00fan el caso.<\/p>\n<p>Tras esto se elabora el certificado reuniendo los datos del inmueble e incluyendo la calificaci\u00f3n energ\u00e9tica resultado del c\u00e1lculo de su eficiencia. Por \u00faltimo se procede al registro del certificado en la Comunidad Aut\u00f3noma, tras lo que se hace entrega al propietario del inmueble.<\/p>\n\r\n<\/div>\r\n\r\n\r\n\r\n<\/div><\/div><\/div><\/div><div id=\"pg-48-9\"  class=\"panel-grid panel-no-style no-overlap\" ><div id=\"pgc-48-9-0\"  class=\"panel-grid-cell\" ><div id=\"panel-48-9-0-0\" class=\"so-panel widget widget_virtua-heading panel-first-child\" data-index=\"17\" ><div class=\"panel-widget-style panel-widget-style-for-48-9-0-0\" ><div class=\"so-widget-virtua-heading so-widget-virtua-heading-base\"><h6 class=\"primary-color h2-style3\">\r\n\r\n\t\u00bfExisten subvenciones o financiaci\u00f3n si decido llevar a cabo las  medidas de mejora de eficiencia energ\u00e9tica en mi vivienda?\r\n<\/h6><\/div><\/div><\/div><div id=\"panel-48-9-0-1\" class=\"so-panel widget widget_sow-editor panel-last-child\" data-index=\"18\" ><div class=\"so-widget-sow-editor so-widget-sow-editor-base\">\r\n\r\n\r\n<div class=\"siteorigin-widget-tinymce textwidget\">\r\n\r\n<p>El Programa de fomento a la rehabilitaci\u00f3n edificatoria, regulado por el Real Decreto 233\/2013, establece subvenciones para los edificios finalizados antes de 1981 que adopten esta serie de medidas con un m\u00e1ximo de 2.000 \u20ac por vivienda, y hasta 5.000 \u20ac por vivienda si reduce al menos en un 50% la demanda energ\u00e9tica anual de calefacci\u00f3n y refrigeraci\u00f3n del edificio.<\/p>\n<p>Adem\u00e1s de estas subvenciones el Ministerio de Industria, Energ\u00eda y Turismo, a trav\u00e9s del IDAE pondr\u00e1 en marcha pr\u00f3ximamente un programa espec\u00edfico de ayudas y financiaci\u00f3n para facilitar la ejecuci\u00f3n de medidas de mejora de la eficiencia energ\u00e9tica y la utilizaci\u00f3n de las energ\u00edas renovables con una dotaci\u00f3n total de 100 millones de euros.<\/p>\n<p>En Itemur tambi\u00e9n\u00a0<strong>nos encargamos de tramitar las subvenciones<\/strong>. Si desea m\u00e1s informaci\u00f3n sobre las subvenciones p\u00f3ngase en\u00a0contacto\u00a0con Itemur y le aclararemos cualquier duda.<\/p>\n\r\n<\/div>\r\n\r\n\r\n\r\n<\/div><\/div><\/div><\/div><div id=\"pg-48-10\"  class=\"panel-grid panel-no-style no-overlap\" ><div id=\"pgc-48-10-0\"  class=\"panel-grid-cell\" ><div id=\"panel-48-10-0-0\" class=\"so-panel widget widget_virtua-empty-space panel-first-child panel-last-child\" data-index=\"19\" ><div class=\"so-widget-virtua-empty-space so-widget-virtua-empty-space-base\"><div style=\"height: 100px\">\r\n<\/div><\/div><\/div><\/div><\/div><\/div>","protected":false},"excerpt":{"rendered":"<p>El Certificado de Eficiencia Energ\u00e9tica es un documento que nos indica la eficiencia energ\u00e9tica de una vivienda, edificio, local comercial, etc. Este certificado califica el comportamiento energ\u00e9tico de un inmueble en una escala de la &#8230;<\/p>\n","protected":false},"author":1,"featured_media":0,"parent":0,"menu_order":0,"comment_status":"closed","ping_status":"closed","template":"","meta":{"footnotes":""},"class_list":["post-48","page","type-page","status-publish","hentry"],"_links":{"self":[{"href":"https:\/\/www.itemur.com\/index.php\/wp-json\/wp\/v2\/pages\/48","targetHints":{"allow":["GET"]}}],"collection":[{"href":"https:\/\/www.itemur.com\/index.php\/wp-json\/wp\/v2\/pages"}],"about":[{"href":"https:\/\/www.itemur.com\/index.php\/wp-json\/wp\/v2\/types\/page"}],"author":[{"embeddable":true,"href":"https:\/\/www.itemur.com\/index.php\/wp-json\/wp\/v2\/users\/1"}],"replies":[{"embeddable":true,"href":"https:\/\/www.itemur.com\/index.php\/wp-json\/wp\/v2\/comments?post=48"}],"version-history":[{"count":13,"href":"https:\/\/www.itemur.com\/index.php\/wp-json\/wp\/v2\/pages\/48\/revisions"}],"predecessor-version":[{"id":552,"href":"https:\/\/www.itemur.com\/index.php\/wp-json\/wp\/v2\/pages\/48\/revisions\/552"}],"wp:attachment":[{"href":"https:\/\/www.itemur.com\/index.php\/wp-json\/wp\/v2\/media?parent=48"}],"curies":[{"name":"wp","href":"https:\/\/api.w.org\/{rel}","templated":true}]}}