{"id":54,"date":"2018-04-14T13:18:28","date_gmt":"2018-04-14T13:18:28","guid":{"rendered":"http:\/\/wpmupro.com\/demo\/virtua\/?page_id=54"},"modified":"2019-05-03T12:05:20","modified_gmt":"2019-05-03T10:05:20","slug":"tarifas","status":"publish","type":"page","link":"https:\/\/www.itemur.com\/index.php\/tarifas\/","title":{"rendered":"Tarifas"},"content":{"rendered":"<div id=\"pl-54\"  class=\"panel-layout\" ><div id=\"pg-54-0\"  class=\"panel-grid panel-no-style no-overlap\" ><div id=\"pgc-54-0-0\"  class=\"panel-grid-cell\" ><div id=\"panel-54-0-0-0\" class=\"so-panel widget widget_virtua-heading panel-first-child panel-last-child\" data-index=\"0\" ><div class=\"so-widget-virtua-heading so-widget-virtua-heading-base\"><h2 class=\"secondary-color h2-style1\">\r\n\r\n\tTarifas\r\n<\/h2><\/div><\/div><\/div><\/div><div id=\"pg-54-1\"  class=\"panel-grid panel-no-style no-overlap\" ><div id=\"pgc-54-1-0\"  class=\"panel-grid-cell\" ><div id=\"panel-54-1-0-0\" class=\"so-panel widget widget_virtua-heading panel-first-child\" data-index=\"1\" ><div class=\"panel-widget-style panel-widget-style-for-54-1-0-0\" ><div class=\"so-widget-virtua-heading so-widget-virtua-heading-base\"><h6 class=\"primary-color h2-style3\">\r\n\r\n\tCertificado energ\u00e9tico\r\n<\/h6><\/div><\/div><\/div><div id=\"panel-54-1-0-1\" class=\"so-panel widget widget_sow-editor panel-last-child\" data-index=\"2\" ><div class=\"so-widget-sow-editor so-widget-sow-editor-base\">\r\n\r\n\r\n<div class=\"siteorigin-widget-tinymce textwidget\">\r\n\r\n<p>El coste del certificado energ\u00e9tico es variable dependiendo del tipo de inmueble a certificar (vivienda en un edificio, vivienda unifamiliar aislada o pareada, oficina, local comercial\u2026). Tambi\u00e9n se tienen en cuenta otros factores como la superficie del inmueble o si el propietario dispone o no de planos.<\/p>\n<p>P\u00f3ngase en\u00a0contacto\u00a0con nosotros y le enviaremos un presupuesto personalizado sin compromiso en menos de 24 horas.<\/p>\n\r\n<\/div>\r\n\r\n\r\n\r\n<\/div><\/div><\/div><\/div><div id=\"pg-54-2\"  class=\"panel-grid panel-no-style no-overlap\" ><div id=\"pgc-54-2-0\"  class=\"panel-grid-cell\" ><div id=\"panel-54-2-0-0\" class=\"so-panel widget widget_virtua-heading panel-first-child\" data-index=\"3\" ><div class=\"panel-widget-style panel-widget-style-for-54-2-0-0\" ><div class=\"so-widget-virtua-heading so-widget-virtua-heading-base\"><h6 class=\"primary-color h2-style3\">\r\n\r\n\tI.T.E.\r\n<\/h6><\/div><\/div><\/div><div id=\"panel-54-2-0-1\" class=\"so-panel widget widget_sow-editor panel-last-child\" data-index=\"4\" ><div class=\"so-widget-sow-editor so-widget-sow-editor-base\">\r\n\r\n\r\n<div class=\"siteorigin-widget-tinymce textwidget\">\r\n\r\n<p>Dada la gran variedad de situaciones que se pueden presentar, realizamos un c\u00e1lculo personalizado para establecer el precio de las inspecciones t\u00e9cnicas de edificios (ITE), en el que tenemos en cuenta aspectos tales como:<\/p>\n<ul>\n<li>La superficie a inspeccionar.<\/li>\n<li>La antig\u00fcedad del edificio.<\/li>\n<li>El uso del edificio.<\/li>\n<li>El n\u00famero de vecinos o locales del edificio.<\/li>\n<li>Su localizaci\u00f3n.<\/li>\n<li>La \u00e9poca de contrataci\u00f3n.<\/li>\n<\/ul>\n<p>En\u00a0<strong>Itemur<\/strong>\u00a0 ofrecemos a nuestros clientes n\u00famerosas\u00a0promociones\u00a0temporales, adem\u00e1s de facilidades de pago en relaci\u00f3n a las ITE. P\u00f3ngase en\u00a0contacto\u00a0con nosotros y le enviaremos un presupuesto personalizado en menos de 24 horas.<\/p>\n\r\n<\/div>\r\n\r\n\r\n\r\n<\/div><\/div><\/div><\/div><div id=\"pg-54-3\"  class=\"panel-grid panel-no-style no-overlap\" ><div id=\"pgc-54-3-0\"  class=\"panel-grid-cell\" ><div id=\"panel-54-3-0-0\" class=\"so-panel widget widget_sow-editor panel-first-child panel-last-child\" data-index=\"5\" ><div class=\"so-widget-sow-editor so-widget-sow-editor-base\">\r\n\r\n\r\n<div class=\"siteorigin-widget-tinymce textwidget\">\r\n\r\n<address><strong>Para recibir m\u00e1s informaci\u00f3n:<\/strong><\/address>\n<address>T. 636 03 20 12 |\u00a0<strong>itemur@itemur.com<\/strong><\/address>\n<address>o rellenando el formulario de contacto<\/address>\n\r\n<\/div>\r\n\r\n\r\n\r\n<\/div><\/div><\/div><\/div><div id=\"pg-54-4\"  class=\"panel-grid panel-no-style no-overlap\" ><div id=\"pgc-54-4-0\"  class=\"panel-grid-cell\" ><div id=\"panel-54-4-0-0\" class=\"so-panel widget widget_virtua-empty-space panel-first-child panel-last-child\" data-index=\"6\" ><div class=\"so-widget-virtua-empty-space so-widget-virtua-empty-space-base\"><div style=\"height: 100px\">\r\n<\/div><\/div><\/div><\/div><\/div><\/div>","protected":false},"excerpt":{"rendered":"<p>El coste del certificado energ\u00e9tico es variable dependiendo del tipo de inmueble a certificar (vivienda en un edificio, vivienda unifamiliar aislada o pareada, oficina, local comercial\u2026). Tambi\u00e9n se tienen en cuenta otros factores como la &#8230;<\/p>\n","protected":false},"author":1,"featured_media":0,"parent":0,"menu_order":0,"comment_status":"closed","ping_status":"closed","template":"","meta":{"footnotes":""},"class_list":["post-54","page","type-page","status-publish","hentry"],"_links":{"self":[{"href":"https:\/\/www.itemur.com\/index.php\/wp-json\/wp\/v2\/pages\/54","targetHints":{"allow":["GET"]}}],"collection":[{"href":"https:\/\/www.itemur.com\/index.php\/wp-json\/wp\/v2\/pages"}],"about":[{"href":"https:\/\/www.itemur.com\/index.php\/wp-json\/wp\/v2\/types\/page"}],"author":[{"embeddable":true,"href":"https:\/\/www.itemur.com\/index.php\/wp-json\/wp\/v2\/users\/1"}],"replies":[{"embeddable":true,"href":"https:\/\/www.itemur.com\/index.php\/wp-json\/wp\/v2\/comments?post=54"}],"version-history":[{"count":15,"href":"https:\/\/www.itemur.com\/index.php\/wp-json\/wp\/v2\/pages\/54\/revisions"}],"predecessor-version":[{"id":558,"href":"https:\/\/www.itemur.com\/index.php\/wp-json\/wp\/v2\/pages\/54\/revisions\/558"}],"wp:attachment":[{"href":"https:\/\/www.itemur.com\/index.php\/wp-json\/wp\/v2\/media?parent=54"}],"curies":[{"name":"wp","href":"https:\/\/api.w.org\/{rel}","templated":true}]}}

<div id="pl-54"  class="panel-layout" ><div id="pg-54-0"  class="panel-grid panel-no-style no-overlap" ><div id="pgc-54-0-0"  class="panel-grid-cell" ><div id="panel-54-0-0-0" class="so-panel widget widget_virtua-heading panel-first-child panel-last-child" data-index="0" ><div class="so-widget-virtua-heading so-widget-virtua-heading-base"><h2 class="secondary-color h2-style1">

	Tarifas
</h2></div></div></div></div><div id="pg-54-1"  class="panel-grid panel-no-style no-overlap" ><div id="pgc-54-1-0"  class="panel-grid-cell" ><div id="panel-54-1-0-0" class="so-panel widget widget_virtua-heading panel-first-child" data-index="1" ><div class="panel-widget-style panel-widget-style-for-54-1-0-0" ><div class="so-widget-virtua-heading so-widget-virtua-heading-base"><h6 class="primary-color h2-style3">

	Certificado energético
</h6></div></div></div><div id="panel-54-1-0-1" class="so-panel widget widget_sow-editor panel-last-child" data-index="2" ><div class="so-widget-sow-editor so-widget-sow-editor-base">


<div class="siteorigin-widget-tinymce textwidget">

<p>El coste del certificado energético es variable dependiendo del tipo de inmueble a certificar (vivienda en un edificio, vivienda unifamiliar aislada o pareada, oficina, local comercial…). También se tienen en cuenta otros factores como la superficie del inmueble o si el propietario dispone o no de planos.</p>
<p>Póngase en contacto con nosotros y le enviaremos un presupuesto personalizado sin compromiso en menos de 24 horas.</p>

</div>



</div></div></div></div><div id="pg-54-2"  class="panel-grid panel-no-style no-overlap" ><div id="pgc-54-2-0"  class="panel-grid-cell" ><div id="panel-54-2-0-0" class="so-panel widget widget_virtua-heading panel-first-child" data-index="3" ><div class="panel-widget-style panel-widget-style-for-54-2-0-0" ><div class="so-widget-virtua-heading so-widget-virtua-heading-base"><h6 class="primary-color h2-style3">

	I.T.E.
</h6></div></div></div><div id="panel-54-2-0-1" class="so-panel widget widget_sow-editor panel-last-child" data-index="4" ><div class="so-widget-sow-editor so-widget-sow-editor-base">


<div class="siteorigin-widget-tinymce textwidget">

<p>Dada la gran variedad de situaciones que se pueden presentar, realizamos un cálculo personalizado para establecer el precio de las inspecciones técnicas de edificios (ITE), en el que tenemos en cuenta aspectos tales como:</p>
<ul>
<li>La superficie a inspeccionar.</li>
<li>La antigüedad del edificio.</li>
<li>El uso del edificio.</li>
<li>El número de vecinos o locales del edificio.</li>
<li>Su localización.</li>
<li>La época de contratación.</li>
</ul>
<p>En <strong>Itemur</strong>  ofrecemos a nuestros clientes númerosas promociones temporales, además de facilidades de pago en relación a las ITE. Póngase en contacto con nosotros y le enviaremos un presupuesto personalizado en menos de 24 horas.</p>

</div>



</div></div></div></div><div id="pg-54-3"  class="panel-grid panel-no-style no-overlap" ><div id="pgc-54-3-0"  class="panel-grid-cell" ><div id="panel-54-3-0-0" class="so-panel widget widget_sow-editor panel-first-child panel-last-child" data-index="5" ><div class="so-widget-sow-editor so-widget-sow-editor-base">


<div class="siteorigin-widget-tinymce textwidget">

<address><strong>Para recibir más información:</strong></address>
<address>T. 636 03 20 12 | <strong>itemur@itemur.com</strong></address>
<address>o rellenando el formulario de contacto</address>

</div>



</div></div></div></div><div id="pg-54-4"  class="panel-grid panel-no-style no-overlap" ><div id="pgc-54-4-0"  class="panel-grid-cell" ><div id="panel-54-4-0-0" class="so-panel widget widget_virtua-empty-space panel-first-child panel-last-child" data-index="6" ><div class="so-widget-virtua-empty-space so-widget-virtua-empty-space-base"><div style="height: 100px">
</div></div></div></div></div></div>

<p>El coste del certificado energético es variable dependiendo del tipo de inmueble a certificar (vivienda en un edificio, vivienda unifamiliar aislada o pareada, oficina, local comercial…). También se tienen en cuenta otros factores como la &#8230;</p>
